 the greatest common factor of 9333 and 122?
61
Calculate the greatest common divisor of 245 and 30.
5
What is the greatest common factor of 60 and 36?
12
What is the highest common factor of 1247 and 87?
29
What is the greatest common factor of 987 and 609?
21
What is the highest common divisor of 152 and 2?
2
What is the greatest common factor of 447 and 3?
3
Calculate the highest common factor of 259 and 37.
37
What is the highest common factor of 274 and 6?
2
What is the highest common divisor of 1540 and 60?
20
Calculate the highest common factor of 28171 and 33.
11
What is the greatest common factor of 20 and 740?
20
Calculate the highest common factor of 35 and 23555.
35
Calculate the greatest common divisor of 43112 and 136.
136
Calculate the greatest common divisor of 3565 and 93.
31
What is the highest common factor of 898 and 10?
2
Calculate the greatest common factor of 95 and 1387.
19
What is the highest common divisor of 1568 and 98?
98
Calculate the highest common divisor of 400 and 240.
80
Calculate the highest common factor of 4246 and 22.
22
Calculate the greatest common divisor of 1596 and 564.
12
What is the highest common divisor of 754 and 78?
26
Calculate the highest common factor of 8 and 31.
1
What is the highest common divisor of 162 and 474?
6
What is the greatest common divisor of 44 and 3234?
22
What is the highest common factor of 37 and 37?
37
Calculate the greatest common factor of 67 and 2881.
67
Calculate the greatest common factor of 27 and 441.
9
Calculate the highest common factor of 110 and 250.
10
What is the highest common divisor of 50 and 275?
25
What is the greatest common factor of 1115 and 5?
5
What is the greatest common factor of 43 and 2?
1
What is the greatest common factor of 374 and 306?
34
Calculate the highest common factor of 5508 and 68.
68
What is the greatest common factor of 330 and 150?
30
Calculate the greatest common factor of 1712 and 3103.
107
Calculate the greatest common factor of 74 and 2.
2
Calculate the highest common factor of 60 and 1635.
15
Calculate the highest common divisor of 7514 and 78.
26
Calculate the greatest common divisor of 16 and 51472.
16
What is the highest common factor of 462 and 70?
14
Calculate the greatest common factor of 228 and 3078.
114
What is the greatest common divisor of 9347 and 91?
13
Calculate the highest common divisor of 111 and 3.
3
What is the highest common factor of 76 and 2698?
38
Calculate the highest common divisor of 220 and 100.
20
What is the greatest common factor of 8153 and 403?
31
What is the highest common divisor of 18 and 747?
9
Calculate the highest common factor of 42 and 2688.
42
Calculate the greatest common divisor of 91 and 14.
7
What is the greatest common divisor of 232 and 16?
8
What is the highest common factor of 35 and 515?
5
What is the highest common divisor of 1974 and 42?
42
What is the highest common factor of 140 and 5488?
28
Calculate the greatest common divisor of 24 and 9624.
24
What is the greatest common divisor of 1028 and 4?
4
What is the greatest common divisor of 5404 and 56?
28
Calculate the greatest common divisor of 132 and 154.
22
Calculate the greatest common factor of 6868 and 136.
68
Calculate the highest common divisor of 90 and 54.
18
Calculate the highest common factor of 54 and 459.
27
Calculate the highest common divisor of 444 and 222.
222
What is the highest common divisor of 93 and 183?
3
What is the highest common factor of 9 and 1179?
9
What is the greatest common factor of 2628 and 36?
36
What is the highest common factor of 21 and 175?
7
Calculate the highest common divisor of 209 and 2489.
19
Calculate the greatest common divisor of 2176 and 128.
128
What is the highest common divisor of 47 and 8977?
47
What is the highest common divisor of 1675 and 9045?
335
Calculate the greatest common divisor of 24 and 1476.
12
What is the highest common divisor of 322 and 70?
14
Calculate the greatest common factor of 5082 and 63.
21
Calculate the highest common factor of 70 and 16130.
10
Calculate the highest common divisor of 38558 and 13.
13
What is the greatest common divisor of 4768 and 32?
32
Calculate the highest common factor of 819 and 63.
63
What is the highest common factor of 8525 and 25?
25
Calculate the highest common divisor of 900 and 400.
100
Calculate the greatest common factor of 9 and 9.
9
What is the greatest common divisor of 170 and 24480?
170
What is the highest common divisor of 260 and 3653?
13
What is the greatest common factor of 30 and 2130?
30
What is the greatest common divisor of 13 and 416?
13
What is the greatest common divisor of 88 and 4?
4
Calculate the highest common factor of 234 and 3159.
117
What is the greatest common divisor of 16716 and 42?
42
Calculate the greatest common divisor of 203 and 14.
7
What is the highest common factor of 295 and 2301?
59
Calculate the highest common divisor of 18 and 8.
2
What is the greatest common factor of 2530 and 110?
110
What is the greatest common divisor of 69 and 943?
23
What is the greatest common divisor of 32 and 1376?
32
What is the greatest common factor of 29523 and 39?
39
What is the highest common factor of 25116 and 91?
91
Calculate the highest common divisor of 3149 and 201.
67
What is the greatest common factor of 1175 and 47?
47
Calculate the greatest common divisor of 243 and 1377.
81
What is the highest common divisor of 1911 and 1323?
147
What is the greatest common factor of 704 and 32?
32
What is the highest common factor of 8 and 1428?
4
Calculate the highest common factor of 48 and 224.
16
Calculate the highest common factor of 528 and 48.
48
What is the greatest common divisor of 480 and 384?
96
Calculate the greatest common divisor of 28 and 1141.
7
What is the greatest common divisor of 1990 and 20?
10
Calculate the highest common factor of 11 and 3608.
11
What is the highest common divisor of 3 and 573?
3
What is the highest common factor of 14 and 8554?
14
What is the greatest common factor of 4620 and 252?
84
What is the greatest common factor of 208 and 184?
8
Calculate the highest common divisor of 7815 and 15.
15
What is the highest common factor of 667 and 116?
29
What is the greatest common factor of 434 and 124?
62
What is the highest common factor of 8 and 7232?
8
Calculate the highest common divisor of 21 and 7.
7
What is the greatest common divisor of 216 and 8?
8
What is the greatest common factor of 16 and 712?
8
What is the highest common factor of 6792 and 72?
24
What is the greatest common divisor of 1358 and 14?
14
What is the greatest common divisor of 128 and 8?
8
Calculate the greatest common divisor of 84 and 154.
14
Calculate the greatest common factor of 16 and 216.
8
Calculate the highest common divisor of 345 and 75.
15
Calculate the highest common factor of 550 and 132.
22
Calculate the greatest common factor of 15 and 303.
3
What is the highest common divisor of 91 and 763?
7
Calculate the highest common factor of 10 and 6.
2
Calculate the highest common factor of 840 and 231.
21
Calculate the greatest common factor of 10 and 12.
2
Calculate the highest common factor of 59 and 413.
59
Calculate the greatest common divisor of 56 and 3920.
56
Calculate the highest common factor of 36 and 96.
12
What is the greatest common divisor of 3192 and 1428?
84
What is the highest common divisor of 26 and 169?
13
Calculate the greatest common divisor of 25 and 675.
25
What is the greatest common divisor of 27 and 864?
27
What is the highest common divisor of 1677 and 507?
39
What is the greatest common divisor of 64 and 8?
8
What is the highest common factor of 363 and 33?
33
What is the greatest common divisor of 21 and 1491?
21
Calculate the greatest common factor of 1197 and 45.
9
Calculate the highest common factor of 377 and 65.
13
What is the greatest common divisor of 360 and 5580?
180
What is the highest common factor of 170 and 13770?
170
Calculate the highest common divisor of 68 and 510.
34
What is the highest common divisor of 72 and 6?
6
Calculate the greatest common factor of 16 and 304.
16
What is the greatest common factor of 7242 and 663?
51
Calculate the greatest common divisor of 19048 and 16.
8
What is the greatest common divisor of 272 and 464?
16